{"id":236,"date":"2025-02-08T15:25:18","date_gmt":"2025-02-08T14:25:18","guid":{"rendered":"https:\/\/stefkoweserce.pl\/?page_id=236"},"modified":"2026-03-02T17:35:22","modified_gmt":"2026-03-02T16:35:22","slug":"planowane-mioty","status":"publish","type":"page","link":"https:\/\/stefkoweserce.pl\/?page_id=236","title":{"rendered":"PLANOWANE MIOTY"},"content":{"rendered":"\n<p>Planowane mioty:<\/p>\n\n\n\n<p class=\"has-black-color has-text-color has-link-color wp-elements-9ac00cf961d1ea846fe5a532228b76c6\"><\/p>\n\n\n\n<p class=\"has-black-color has-text-color has-link-color wp-elements-9ac00cf961d1ea846fe5a532228b76c6\"><\/p>\n\n\n\n<p class=\"has-text-align-center has-vivid-red-color has-text-color has-link-color wp-elements-ea4fcc9eb9c87c98ad4be583710f7f05\"><\/p>\n\n\n\n<p class=\"has-text-align-center has-vivid-red-color has-text-color has-link-color wp-elements-1a80aa125aad8edee4e34179dd2394cd\">Etna &amp; Kefirek  [planowany termin porodu: 15\/04]<\/p>\n\n\n\n<p>potencjalne kolory koci\u0105t: koteczki i kocurki niebieskie z biel\u0105, mog\u0105 by\u0107 solidami (g\u0142adkie, bez pr\u0119gowania), tygrysio pr\u0119gowane lub c\u0119tkowane [a09, a03,as09, as03, as0924, as0324, a0324, a0923, as0923]<\/p>\n\n\n\n<p class=\"has-black-color has-text-color has-link-color wp-elements-9ac00cf961d1ea846fe5a532228b76c6\"><\/p>\n\n\n\n<p class=\"has-text-align-center has-vivid-red-color has-text-color has-link-color wp-elements-a0f7de5e7c8aa2e30b9a7b7ec0f8c777\">Suzumi &amp; Kefirek [planowany termin porodu 10\/04]<\/p>\n\n\n\n<p class=\"has-text-align-center\">kotki i kocurki: czarne solidy [bez pr\u0119gowania] z biel\u0105, mog\u0105 by\u0107 srebrzyste [n09, n03, ns09, ns03], mog\u0105 si\u0119 trafi\u0107 czarne c\u0119tkowane z biel\u0105 [n0924,n0324, ns0329]<\/p>\n\n\n\n<p class=\"has-text-align-center has-vivid-red-color has-text-color has-link-color wp-elements-243859a2f88004085f21f5b474b5c28c\">Sprytka &amp; Wezyr [spodziewany termin porodu 1\/05]<\/p>\n\n\n\n<p>potencjalne kolory koci\u0105t: kocurki czarne c\u0119tkowane i rude c\u0119tkowane. kotki rude c\u0119tkowane i czarne szylkrety c\u0119tkowane [ch\u0142opcy n24, d24, dziewczynki f24, d24]<\/p>\n\n\n\n<p>wszystkie kotki b\u0119d\u0105 bez bieli, nie b\u0119d\u0105 mia\u0142y genu srebra, ale b\u0119d\u0105 nosicielami z\u0142ota<\/p>\n\n\n\n<p class=\"has-black-color has-text-color has-link-color wp-elements-9ac00cf961d1ea846fe5a532228b76c6\"><\/p>\n\n\n\n<p class=\"has-text-align-center has-vivid-red-color has-text-color has-link-color wp-elements-d637815f78895d9584cf725d2a591782\">Zorza &amp; Wezyr [czekamy na potwierdzenie ci\u0105\u017cy]<\/p>\n\n\n\n<p>potencjalne kolory koci\u0105t: kocurki czarne c\u0119tkowane. mog\u0105 by\u0107 srebrne, b\u0119d\u0105 nosi\u0142y geny z\u0142ota.  [n24, ns24, ns22, n22], koteczki szylkretowe c\u0119tkowane, mog\u0105 by\u0107 srebrzyste [f24, fs24]<\/p>\n\n\n\n<p class=\"has-text-align-center has-vivid-red-color has-text-color has-link-color wp-elements-ea4fcc9eb9c87c98ad4be583710f7f05\"><\/p>\n\n\n\n<p class=\"has-text-align-left has-black-color has-text-color has-link-color wp-elements-459aa4dc7670eeb3c046a25763b7742a\"><strong>Wiosna 2026:<\/strong><\/p>\n\n\n\n<p class=\"has-text-align-center has-vivid-red-color has-text-color has-link-color wp-elements-e188a4b0c4b6afe0880dafb978fa1704\">C\u0119tka &amp; Pucio<\/p>\n\n\n\n<p>Koci\u0119ta obu p\u0142ci b\u0119d\u0105 albo jak tata z\u0142ote [ny22, ny24, nu22, nu24] albo jak mama zupe\u0142nie bia\u0142e [w61, w63, w64].<\/p>\n\n\n\n<p class=\"has-text-align-center has-vivid-red-color has-text-color has-link-color wp-elements-5b1dfc7ee0cbd3787d4f75e8fe1fdbe3\">Psotka &amp; Pucio<\/p>\n\n\n\n<p>potencjalne kolory koci\u0105t: kocurki rude c\u0119tkowane lub czarne c\u0119tkowane, mog\u0105 by\u0107 ze srebrem lub z\u0142otem<\/p>\n\n\n\n<p>kotki czarne c\u0119tkowane lub szylkretki,  mog\u0105 by\u0107 ze srebrem lub z\u0142otem, kotki czarne bimetaliczne (czarne ze srebrem i z\u0142otem),<\/p>\n\n\n\n<p>wszystkie koci\u0119ta b\u0119d\u0105 nios\u0142y gen z\u0142ota. na pewno b\u0119d\u0105 bez bieli [ch\u0142opcy: n24, d24, ns24, ds24, dy24,du24, ny24, dy24, nus24, dsy24 dziewczynki: f24, fs24, fs24, fy24, n24, ns24, fy24, fus24]<\/p>\n\n\n\n<p class=\"has-text-align-center has-vivid-red-color has-text-color has-link-color wp-elements-22e64164fc71d78d4941c51627daab77\">Mi\u0142ka &amp; Wezyr<\/p>\n\n\n\n<p>kolory koci\u0105t: kotki i kocurki rude bez bieli [d, d24]<\/p>\n\n\n\n<p class=\"has-text-align-center has-vivid-red-color has-text-color has-link-color wp-elements-ea4fcc9eb9c87c98ad4be583710f7f05\"><\/p>\n\n\n\n<p class=\"has-black-color has-text-color has-link-color wp-elements-8b27b3afe76c45ff29a20e103b13ba69\"><strong>lato 2026<\/strong>:<\/p>\n\n\n\n<p><\/p>\n\n\n\n<p class=\"has-text-align-center has-vivid-red-color has-text-color has-link-color wp-elements-ea4fcc9eb9c87c98ad4be583710f7f05\"><\/p>\n\n\n\n<p class=\"has-text-align-center has-vivid-red-color has-text-color has-link-color wp-elements-94eb261f4739e458b1816064353d427b\">Sprytka &amp; Kefirek <\/p>\n\n\n\n<p>potencjalne kolory koci\u0105t: czarne c\u0119tkowane z biel\u0105 lub czarne solid z biel\u0105, mog\u0105 by\u0107 srebrne.wszystkie z biel\u0105 [n0924, ns0924, n, ns09]<\/p>\n\n\n\n<p class=\"has-text-align-center has-vivid-red-color has-text-color has-link-color wp-elements-ea4fcc9eb9c87c98ad4be583710f7f05\"><\/p>\n\n\n\n<p class=\"has-text-align-center has-vivid-red-color has-text-color has-link-color wp-elements-4f3caec3501d1cd1e45fffa9dd2e718a\">Bluey &amp; Kefirek<\/p>\n\n\n\n<p>koci\u0119ta na pewno b\u0119d\u0105 niebieskie. mog\u0105 by\u0107 lub nie\u015b\u0107 colour point [mie\u0107 oznaczenie NEM\/Neva Masquarade], na pewno b\u0119d\u0105 z biel\u0105. mog\u0105 by\u0107 solidami, czyli by\u0107 bez pr\u0119gowania lub c\u0119tkowane, jest spora szansa na srebro [a 09, a 03, as 09, as03, as03 33, as 09 33].<\/p>\n\n\n\n<p><\/p>\n\n\n\n<p><\/p>\n","protected":false},"excerpt":{"rendered":"<p>Planowane mioty: Etna &amp; Kefirek [planowany termin porodu: 15\/04] potencjalne kolory koci\u0105t: koteczki i kocurki niebieskie z biel\u0105, mog\u0105 by\u0107 solidami (g\u0142adkie, bez pr\u0119gowania), tygrysio pr\u0119gowane lub c\u0119tkowane [a09, a03,as09, &#8230;<\/p>\n","protected":false},"author":1,"featured_media":0,"parent":0,"menu_order":0,"comment_status":"closed","ping_status":"closed","template":"","meta":{"footnotes":""},"class_list":["post-236","page","type-page","status-publish","hentry"],"_links":{"self":[{"href":"https:\/\/stefkoweserce.pl\/index.php?rest_route=\/wp\/v2\/pages\/236","targetHints":{"allow":["GET"]}}],"collection":[{"href":"https:\/\/stefkoweserce.pl\/index.php?rest_route=\/wp\/v2\/pages"}],"about":[{"href":"https:\/\/stefkoweserce.pl\/index.php?rest_route=\/wp\/v2\/types\/page"}],"author":[{"embeddable":true,"href":"https:\/\/stefkoweserce.pl\/index.php?rest_route=\/wp\/v2\/users\/1"}],"replies":[{"embeddable":true,"href":"https:\/\/stefkoweserce.pl\/index.php?rest_route=%2Fwp%2Fv2%2Fcomments&post=236"}],"version-history":[{"count":26,"href":"https:\/\/stefkoweserce.pl\/index.php?rest_route=\/wp\/v2\/pages\/236\/revisions"}],"predecessor-version":[{"id":421,"href":"https:\/\/stefkoweserce.pl\/index.php?rest_route=\/wp\/v2\/pages\/236\/revisions\/421"}],"wp:attachment":[{"href":"https:\/\/stefkoweserce.pl\/index.php?rest_route=%2Fwp%2Fv2%2Fmedia&parent=236"}],"curies":[{"name":"wp","href":"https:\/\/api.w.org\/{rel}","templated":true}]}}