{"id":20,"date":"2024-09-22T09:13:12","date_gmt":"2024-09-22T07:13:12","guid":{"rendered":"https:\/\/stefkoweserce.pl\/?page_id=20"},"modified":"2025-03-18T14:34:42","modified_gmt":"2025-03-18T13:34:42","slug":"cudak","status":"publish","type":"page","link":"https:\/\/stefkoweserce.pl\/?page_id=20","title":{"rendered":"Cudak"},"content":{"rendered":"\n<p>Cudak jest kotem syberyjskim w kolorze ds (rudy srebrzysty). Urodzi\u0142 si\u0119 15 kwietnia 2024 i przyjecha\u0142 do nas do Warszawy z dalekiego G\u0142ogowa. <\/p>\n\n\n\n<p>Cudak jest kotem inteligentnym i energicznym, bardzo dobrze zsocjalizowanym. Cudak, w trakcie rutynowej wizyty u weterynarza, otrzyma\u0142 diagnoz\u0119 choroby serca. Dlatego zosta\u0142 wykluczony z naszego planu hodowlanego. To dla nas szczeg\u00f3lnie wa\u017cne, \u017ceby rozmna\u017ca\u0107 wy\u0142\u0105cznie koty ca\u0142kowicie zdrowe. Koci\u0119ta w naszej hodowli musz\u0105 by\u0107 zawsze chronione przed jakimkolwiek zagro\u017ceniem ze strony genetycznej. Nie wydajemy do nowych dom\u00f3w kot\u00f3w chorych. <\/p>\n\n\n\n<p>Nie pozbywamy si\u0119 r\u00f3wnie\u017c kota tylko dlatego, \u017ce przesta\u0142 pasowa\u0107 &#8216;do biznesu&#8217;. Celem hodowli kot\u00f3w syberyjskich Stefkowe Serce jest rozw\u00f3j naszej ukochanej rasy. Dlatego te\u017c Cudak, nasz kochany, pi\u0119kny i m\u0105dry kocurek, zostanie w naszym domu tak d\u0142ugo, jak d\u0142ugo b\u0119dzie si\u0119 w nim czu\u0142 dobrze oraz pozwol\u0105 na to potrzeby zdrowotne i behawioralne ca\u0142ego stada. <\/p>\n\n\n\n<p><a href=\"https:\/\/ssl.felispolonia.eu\/rodowod.php?hid=6t8kdl5p6v\" target=\"_blank\" rel=\"noreferrer noopener\">RODOW\u00d3D<\/a><\/p>\n\n\n\n<p>Cudak Od Carycy<\/p>\n\n\n<div class=\"wp-block-image\">\n<figure class=\"alignleft size-large is-resized\"><img loading=\"lazy\" decoding=\"async\" width=\"768\" height=\"1024\" src=\"https:\/\/stefkoweserce.pl\/wp-content\/uploads\/2024\/09\/460966056_122136375986319406_8897915043181833921_n-768x1024.jpg\" alt=\"\" class=\"wp-image-62\" style=\"width:209px;height:auto\" srcset=\"https:\/\/stefkoweserce.pl\/wp-content\/uploads\/2024\/09\/460966056_122136375986319406_8897915043181833921_n-768x1024.jpg 768w, https:\/\/stefkoweserce.pl\/wp-content\/uploads\/2024\/09\/460966056_122136375986319406_8897915043181833921_n-225x300.jpg 225w, https:\/\/stefkoweserce.pl\/wp-content\/uploads\/2024\/09\/460966056_122136375986319406_8897915043181833921_n-1152x1536.jpg 1152w, https:\/\/stefkoweserce.pl\/wp-content\/uploads\/2024\/09\/460966056_122136375986319406_8897915043181833921_n.jpg 1536w\" sizes=\"auto, (max-width: 768px) 100vw, 768px\" \/><\/figure><\/div>\n\n<div class=\"wp-block-image\">\n<figure class=\"alignright size-large is-resized\"><img loading=\"lazy\" decoding=\"async\" width=\"1024\" height=\"548\" src=\"https:\/\/stefkoweserce.pl\/wp-content\/uploads\/2024\/11\/IMG_6566-1024x548.jpg\" alt=\"\" class=\"wp-image-167\" style=\"width:516px;height:auto\" srcset=\"https:\/\/stefkoweserce.pl\/wp-content\/uploads\/2024\/11\/IMG_6566-1024x548.jpg 1024w, https:\/\/stefkoweserce.pl\/wp-content\/uploads\/2024\/11\/IMG_6566-300x161.jpg 300w, https:\/\/stefkoweserce.pl\/wp-content\/uploads\/2024\/11\/IMG_6566-768x411.jpg 768w, https:\/\/stefkoweserce.pl\/wp-content\/uploads\/2024\/11\/IMG_6566-1536x822.jpg 1536w, https:\/\/stefkoweserce.pl\/wp-content\/uploads\/2024\/11\/IMG_6566-2048x1096.jpg 2048w\" sizes=\"auto, (max-width: 1024px) 100vw, 1024px\" \/><\/figure><\/div>\n\n\n<p><\/p>\n","protected":false},"excerpt":{"rendered":"<p>Cudak jest kotem syberyjskim w kolorze ds (rudy srebrzysty). Urodzi\u0142 si\u0119 15 kwietnia 2024 i przyjecha\u0142 do nas do Warszawy z dalekiego G\u0142ogowa. Cudak jest kotem inteligentnym i energicznym, bardzo &#8230;<\/p>\n","protected":false},"author":1,"featured_media":0,"parent":254,"menu_order":2,"comment_status":"closed","ping_status":"closed","template":"","meta":{"footnotes":""},"class_list":["post-20","page","type-page","status-publish","hentry"],"_links":{"self":[{"href":"https:\/\/stefkoweserce.pl\/index.php?rest_route=\/wp\/v2\/pages\/20","targetHints":{"allow":["GET"]}}],"collection":[{"href":"https:\/\/stefkoweserce.pl\/index.php?rest_route=\/wp\/v2\/pages"}],"about":[{"href":"https:\/\/stefkoweserce.pl\/index.php?rest_route=\/wp\/v2\/types\/page"}],"author":[{"embeddable":true,"href":"https:\/\/stefkoweserce.pl\/index.php?rest_route=\/wp\/v2\/users\/1"}],"replies":[{"embeddable":true,"href":"https:\/\/stefkoweserce.pl\/index.php?rest_route=%2Fwp%2Fv2%2Fcomments&post=20"}],"version-history":[{"count":6,"href":"https:\/\/stefkoweserce.pl\/index.php?rest_route=\/wp\/v2\/pages\/20\/revisions"}],"predecessor-version":[{"id":268,"href":"https:\/\/stefkoweserce.pl\/index.php?rest_route=\/wp\/v2\/pages\/20\/revisions\/268"}],"up":[{"embeddable":true,"href":"https:\/\/stefkoweserce.pl\/index.php?rest_route=\/wp\/v2\/pages\/254"}],"wp:attachment":[{"href":"https:\/\/stefkoweserce.pl\/index.php?rest_route=%2Fwp%2Fv2%2Fmedia&parent=20"}],"curies":[{"name":"wp","href":"https:\/\/api.w.org\/{rel}","templated":true}]}}