{"id":192,"date":"2025-01-08T16:50:56","date_gmt":"2025-01-08T15:50:56","guid":{"rendered":"https:\/\/stefkoweserce.pl\/?page_id=192"},"modified":"2025-09-16T12:41:40","modified_gmt":"2025-09-16T10:41:40","slug":"pucio","status":"publish","type":"page","link":"https:\/\/stefkoweserce.pl\/?page_id=192","title":{"rendered":"Pucio"},"content":{"rendered":"\n<p>Pucio to domowe imi\u0119 naszego z\u0142otego kocurka Enrico. <\/p>\n\n\n\n<p>Pucio\/Puciek przyjecha\u0142 z nami z dalekiego Wroc\u0142awia, z hodowli Nirvanasib. <\/p>\n\n\n\n<p>Ma kolor czarny z\u0142ocisty bez bieli, co oznacza, \u017ce jego dzieci mog\u0105 mie\u0107 kolor czarny oraz rozja\u015bnienie z\u0142ociste. Pucio rozpocz\u0105\u0142 nam lini\u0119 z\u0142otych i bimetalicznych kot\u00f3w. Opr\u00f3cz tak pi\u0119knego i rzadkiego koloru przeka\u017ce dzieciom r\u00f3wnie\u017c wspania\u0142y charakter. Nie ma nawet grama agresji. Jest bardzo otwarty na ludzi, kocha te\u017c inne koty.<\/p>\n\n\n\n<p><a href=\"https:\/\/ssl.felispolonia.eu\/rodowod.php?hid=69ewbw2k\" data-type=\"link\" data-id=\"https:\/\/ssl.felispolonia.eu\/rodowod.php?hid=69ewbw2k\">RODOW\u00d3D <\/a><\/p>\n\n\n\n<figure class=\"wp-block-image size-large\"><img loading=\"lazy\" decoding=\"async\" width=\"1024\" height=\"768\" src=\"https:\/\/stefkoweserce.pl\/wp-content\/uploads\/2025\/07\/image-6-1024x768.png\" alt=\"\" class=\"wp-image-336\" srcset=\"https:\/\/stefkoweserce.pl\/wp-content\/uploads\/2025\/07\/image-6-1024x768.png 1024w, https:\/\/stefkoweserce.pl\/wp-content\/uploads\/2025\/07\/image-6-300x225.png 300w, https:\/\/stefkoweserce.pl\/wp-content\/uploads\/2025\/07\/image-6-768x576.png 768w, https:\/\/stefkoweserce.pl\/wp-content\/uploads\/2025\/07\/image-6.png 1080w\" sizes=\"auto, (max-width: 1024px) 100vw, 1024px\" \/><\/figure>\n","protected":false},"excerpt":{"rendered":"<p>Pucio to domowe imi\u0119 naszego z\u0142otego kocurka Enrico. Pucio\/Puciek przyjecha\u0142 z nami z dalekiego Wroc\u0142awia, z hodowli Nirvanasib. Ma kolor czarny z\u0142ocisty bez bieli, co oznacza, \u017ce jego dzieci mog\u0105 &#8230;<\/p>\n","protected":false},"author":1,"featured_media":0,"parent":36,"menu_order":0,"comment_status":"closed","ping_status":"closed","template":"","meta":{"footnotes":""},"class_list":["post-192","page","type-page","status-publish","hentry"],"_links":{"self":[{"href":"https:\/\/stefkoweserce.pl\/index.php?rest_route=\/wp\/v2\/pages\/192","targetHints":{"allow":["GET"]}}],"collection":[{"href":"https:\/\/stefkoweserce.pl\/index.php?rest_route=\/wp\/v2\/pages"}],"about":[{"href":"https:\/\/stefkoweserce.pl\/index.php?rest_route=\/wp\/v2\/types\/page"}],"author":[{"embeddable":true,"href":"https:\/\/stefkoweserce.pl\/index.php?rest_route=\/wp\/v2\/users\/1"}],"replies":[{"embeddable":true,"href":"https:\/\/stefkoweserce.pl\/index.php?rest_route=%2Fwp%2Fv2%2Fcomments&post=192"}],"version-history":[{"count":5,"href":"https:\/\/stefkoweserce.pl\/index.php?rest_route=\/wp\/v2\/pages\/192\/revisions"}],"predecessor-version":[{"id":372,"href":"https:\/\/stefkoweserce.pl\/index.php?rest_route=\/wp\/v2\/pages\/192\/revisions\/372"}],"up":[{"embeddable":true,"href":"https:\/\/stefkoweserce.pl\/index.php?rest_route=\/wp\/v2\/pages\/36"}],"wp:attachment":[{"href":"https:\/\/stefkoweserce.pl\/index.php?rest_route=%2Fwp%2Fv2%2Fmedia&parent=192"}],"curies":[{"name":"wp","href":"https:\/\/api.w.org\/{rel}","templated":true}]}}