{"id":17,"date":"2024-09-22T09:13:12","date_gmt":"2024-09-22T07:13:12","guid":{"rendered":"https:\/\/stefkoweserce.pl\/?page_id=17"},"modified":"2026-03-17T18:58:15","modified_gmt":"2026-03-17T17:58:15","slug":"etna","status":"publish","type":"page","link":"https:\/\/stefkoweserce.pl\/?page_id=17","title":{"rendered":"Etna"},"content":{"rendered":"\n<p>Etna urodzi\u0142a si\u0119 10.12.2023. Jest kotk\u0105 niebiesk\u0105 z pr\u0119gowaniem tygrysim i biel\u0105, kt\u00f3r\u0105 wida\u0107 na skarpetkach oraz pi\u0119knej, puchatej kryzie.<\/p>\n\n\n\n<p>Uwielbia mizianie po pleckach. Pi\u0119knie wtedy mruczy. Pocz\u0105tkowo jest do\u015b\u0107 pow\u015bci\u0105gliwa i nie wskakuje sama na kolana, ale kiedy si\u0119 ju\u017c przekona, tuli si\u0119 i wystawia grzbiet do g\u0142askania.<\/p>\n\n\n\n<p>Najbardziej zaprzyja\u017ani\u0142a si\u0119 z Misiem, Mi\u0142k\u0105 i Sprytk\u0105. Cz\u0119sto mo\u017cna j\u0105 znale\u017a\u0107 w le\u017cance, gdzie przesiaduje przytulona do jednego ze swoich najbli\u017cszych kumpli lub zajmuje ca\u0142\u0105 przestrze\u0144, wystawiaj\u0105c do g\u00f3ry brzuszek.<\/p>\n\n\n\n<p>PKD &#8211; USG normalne, bez nieprawid\u0142o\u015bci<\/p>\n\n\n\n<p>HCM &#8211; USG normalne, bez nieprawid\u0142o\u015bci<\/p>\n\n\n\n<p><\/p>\n\n\n\n<p><a href=\"https:\/\/ssl.felispolonia.eu\/rodowod.php?hid=6k7t3j5g8r\" data-type=\"link\" data-id=\"https:\/\/ssl.felispolonia.eu\/rodowod.php?hid=6k7t3j5g8r\">RODOW\u00d3D <\/a><\/p>\n\n\n<div class=\"wp-block-image\">\n<figure class=\"alignleft size-large is-resized\"><img loading=\"lazy\" decoding=\"async\" width=\"1024\" height=\"1024\" src=\"https:\/\/stefkoweserce.pl\/wp-content\/uploads\/2024\/11\/Zdjecie-WhatsApp-2024-11-15-o-20.14.48_4dd61b05-1024x1024.jpg\" alt=\"\" class=\"wp-image-173\" style=\"width:337px;height:auto\" srcset=\"https:\/\/stefkoweserce.pl\/wp-content\/uploads\/2024\/11\/Zdjecie-WhatsApp-2024-11-15-o-20.14.48_4dd61b05-1024x1024.jpg 1024w, https:\/\/stefkoweserce.pl\/wp-content\/uploads\/2024\/11\/Zdjecie-WhatsApp-2024-11-15-o-20.14.48_4dd61b05-300x300.jpg 300w, https:\/\/stefkoweserce.pl\/wp-content\/uploads\/2024\/11\/Zdjecie-WhatsApp-2024-11-15-o-20.14.48_4dd61b05-150x150.jpg 150w, https:\/\/stefkoweserce.pl\/wp-content\/uploads\/2024\/11\/Zdjecie-WhatsApp-2024-11-15-o-20.14.48_4dd61b05-768x768.jpg 768w, https:\/\/stefkoweserce.pl\/wp-content\/uploads\/2024\/11\/Zdjecie-WhatsApp-2024-11-15-o-20.14.48_4dd61b05-1536x1536.jpg 1536w, https:\/\/stefkoweserce.pl\/wp-content\/uploads\/2024\/11\/Zdjecie-WhatsApp-2024-11-15-o-20.14.48_4dd61b05.jpg 1734w\" sizes=\"auto, (max-width: 1024px) 100vw, 1024px\" \/><\/figure><\/div>\n\n<div class=\"wp-block-image\">\n<figure class=\"alignright size-large is-resized\"><img loading=\"lazy\" decoding=\"async\" width=\"1024\" height=\"1024\" src=\"https:\/\/stefkoweserce.pl\/wp-content\/uploads\/2024\/11\/Zdjecie-WhatsApp-2024-11-15-o-20.11.30_8df4cf35-1024x1024.jpg\" alt=\"\" class=\"wp-image-174\" style=\"width:344px;height:auto\" srcset=\"https:\/\/stefkoweserce.pl\/wp-content\/uploads\/2024\/11\/Zdjecie-WhatsApp-2024-11-15-o-20.11.30_8df4cf35-1024x1024.jpg 1024w, https:\/\/stefkoweserce.pl\/wp-content\/uploads\/2024\/11\/Zdjecie-WhatsApp-2024-11-15-o-20.11.30_8df4cf35-300x300.jpg 300w, https:\/\/stefkoweserce.pl\/wp-content\/uploads\/2024\/11\/Zdjecie-WhatsApp-2024-11-15-o-20.11.30_8df4cf35-150x150.jpg 150w, https:\/\/stefkoweserce.pl\/wp-content\/uploads\/2024\/11\/Zdjecie-WhatsApp-2024-11-15-o-20.11.30_8df4cf35-768x768.jpg 768w, https:\/\/stefkoweserce.pl\/wp-content\/uploads\/2024\/11\/Zdjecie-WhatsApp-2024-11-15-o-20.11.30_8df4cf35-1536x1536.jpg 1536w, https:\/\/stefkoweserce.pl\/wp-content\/uploads\/2024\/11\/Zdjecie-WhatsApp-2024-11-15-o-20.11.30_8df4cf35.jpg 1734w\" sizes=\"auto, (max-width: 1024px) 100vw, 1024px\" \/><\/figure><\/div>\n\n\n<p><\/p>\n","protected":false},"excerpt":{"rendered":"<p>Etna urodzi\u0142a si\u0119 10.12.2023. Jest kotk\u0105 niebiesk\u0105 z pr\u0119gowaniem tygrysim i biel\u0105, kt\u00f3r\u0105 wida\u0107 na skarpetkach oraz pi\u0119knej, puchatej kryzie. Uwielbia mizianie po pleckach. Pi\u0119knie wtedy mruczy. Pocz\u0105tkowo jest do\u015b\u0107 &#8230;<\/p>\n","protected":false},"author":1,"featured_media":0,"parent":0,"menu_order":0,"comment_status":"closed","ping_status":"closed","template":"","meta":{"footnotes":""},"class_list":["post-17","page","type-page","status-publish","hentry"],"_links":{"self":[{"href":"https:\/\/stefkoweserce.pl\/index.php?rest_route=\/wp\/v2\/pages\/17","targetHints":{"allow":["GET"]}}],"collection":[{"href":"https:\/\/stefkoweserce.pl\/index.php?rest_route=\/wp\/v2\/pages"}],"about":[{"href":"https:\/\/stefkoweserce.pl\/index.php?rest_route=\/wp\/v2\/types\/page"}],"author":[{"embeddable":true,"href":"https:\/\/stefkoweserce.pl\/index.php?rest_route=\/wp\/v2\/users\/1"}],"replies":[{"embeddable":true,"href":"https:\/\/stefkoweserce.pl\/index.php?rest_route=%2Fwp%2Fv2%2Fcomments&post=17"}],"version-history":[{"count":5,"href":"https:\/\/stefkoweserce.pl\/index.php?rest_route=\/wp\/v2\/pages\/17\/revisions"}],"predecessor-version":[{"id":427,"href":"https:\/\/stefkoweserce.pl\/index.php?rest_route=\/wp\/v2\/pages\/17\/revisions\/427"}],"wp:attachment":[{"href":"https:\/\/stefkoweserce.pl\/index.php?rest_route=%2Fwp%2Fv2%2Fmedia&parent=17"}],"curies":[{"name":"wp","href":"https:\/\/api.w.org\/{rel}","templated":true}]}}